{"id":270,"date":"2022-06-07T19:59:25","date_gmt":"2022-06-07T19:59:25","guid":{"rendered":"https:\/\/burelaesports.com\/?page_id=270"},"modified":"2022-06-16T18:29:05","modified_gmt":"2022-06-16T18:29:05","slug":"burela-dragons","status":"publish","type":"page","link":"https:\/\/burelaesports.com\/?page_id=270","title":{"rendered":"BURELA DRAGONS"},"content":{"rendered":"\n<p style=\"text-align:justify;\">Burela Dragons y su equipo de deportes acu\u00e1ticos Burela Sharks es el primer equipo privado de eSports de la provincia de Lugo y uno de los primeros equipos de eSports de toda Galicia.&nbsp;<\/p>\n\n\n\n<p style=\"text-align:justify;\">Nuestro objetivo es que personas de toda clase, sin importar edad, sexo, cultura , religi\u00f3n o cualquier otra circunstancia disfrute de su pasi\u00f3n por los videojuegos de forma sana as\u00ed como la promoci\u00f3n del videojuego y los eSports en la provincia de Lugo,&nbsp; muy especialmente en A Mari\u00f1a lucense ayudando a poner en el mapa gamer nacional e internacional al pueblo de Burela as\u00ed como a toda la provincia.&nbsp;<\/p>\n","protected":false},"excerpt":{"rendered":"<p>Burela Dragons y su equipo de deportes acu\u00e1ticos Burela Sharks es el primer equipo privado de eSports de la provincia de Lugo y uno de los primeros equipos de eSports de toda Galicia.&nbsp; Nuestro objetivo es que personas de toda clase, sin importar edad, sexo, cultura , religi\u00f3n o cualquier otra circunstancia disfrute de su [&hellip;]<\/p>\n","protected":false},"author":1,"featured_media":0,"parent":0,"menu_order":0,"comment_status":"closed","ping_status":"closed","template":"","meta":[],"_links":{"self":[{"href":"https:\/\/burelaesports.com\/index.php?rest_route=\/wp\/v2\/pages\/270"}],"collection":[{"href":"https:\/\/burelaesports.com\/index.php?rest_route=\/wp\/v2\/pages"}],"about":[{"href":"https:\/\/burelaesports.com\/index.php?rest_route=\/wp\/v2\/types\/page"}],"author":[{"embeddable":true,"href":"https:\/\/burelaesports.com\/index.php?rest_route=\/wp\/v2\/users\/1"}],"replies":[{"embeddable":true,"href":"https:\/\/burelaesports.com\/index.php?rest_route=%2Fwp%2Fv2%2Fcomments&post=270"}],"version-history":[{"count":4,"href":"https:\/\/burelaesports.com\/index.php?rest_route=\/wp\/v2\/pages\/270\/revisions"}],"predecessor-version":[{"id":300,"href":"https:\/\/burelaesports.com\/index.php?rest_route=\/wp\/v2\/pages\/270\/revisions\/300"}],"wp:attachment":[{"href":"https:\/\/burelaesports.com\/index.php?rest_route=%2Fwp%2Fv2%2Fmedia&parent=270"}],"curies":[{"name":"wp","href":"https:\/\/api.w.org\/{rel}","templated":true}]}}